9
Let o(d) = 23*d**3 - 20*d**2 + 32*d - 22. What is the thousands digit of o(15)?
3
Let d(p) = 5527*p**2 - 9*p - 7. What is the tens digit of d(-1)?
2
Let a(l) = -l**3 + 7*l**2 - 6*l + 23. Let w be a(6). Let m(j) = -j**2 + 22*j + 52. What is the tens digit of m(w)?
2
Suppose 0 = -5*c - 10*b + 15*b + 14485, -2*c = -b - 5794. What is the hundreds digit of c?
8
Let q(v) = 14*v + 7. Let z(h) = -2*h + 1. Let d(w) = 3*w + 1. Let s be d(-1). Let p be z(s). What is the units digit of q(p)?
7
Suppose 5*q - 1 = -j, -4*j = -2*q - 3*q - 29. Let k(b) = 6*b**3 - 11*b**2 + 12*b + 30. What is the thousands digit of k(j)?
1
Suppose -3*j + 13 - 7 = 0. Suppose 4*d = -q + 173, -j*q - 2 = 4. Suppose -5*z + p - d = -325, 2*p = -2. What is the units digit of z?
6
Let l(y) = -y**3 + 61 - 88 + 41 - 14*y**2 - 12*y. Let w be l(-13). What is the units digit of -9 + 149 - -1*(2 + w)?
3
Suppose -2*l + 9655 = 326*w - 325*w, 3*l = 4*w - 38675. What is the tens digit of w?
6
Suppose 0 = 2*k - 2*z - 18, 5*z + 24 = k + 9*z. Suppose -k*d + 17448 - 5400 = 0. What is the units digit of d?
4
Suppose 0*h = -2*h + 4. Let u be (2 - 14/5)*(-15)/h. What is the tens digit of u/2 - ((1 - -1) + -96)?
9
Let i = 108042 - 74108. What is the hundreds digit of i?
9
Let b(z) = z**3 + 2*z**2 - 2*z + 3. Let t be b(-3). Suppose -5*p + 5*h = -t*h + 20, -18 = -3*p - 3*h. Suppose 0 = 8*f + p - 41. What is the units digit of f?
5
Suppose -4*w + 83 = -t, 66*t - 17 = -w + 65*t. What is the units digit of w?
0
Suppose 7 = -3*a + 19. Suppose 4*u - 5*q - 665 = 0, -2*q + 170 = u - a*q. Suppose -5*x + 4*v = -310, -2*x - 5*v = -u + 36. What is the tens digit of x?
6
Let i = -26289 - -37414. What is the hundreds digit of i?
1
Let v(d) = 309*d**2 + 4*d + 5. Suppose 38*m - 34*m - 3*u + 7 = 0, m = u - 2. What is the hundreds digit of v(m)?
3
Let h(z) = 13*z**2 + 14*z - 34. Let p be h(-8). Let u = p - 64. What is the units digit of u?
2
Let r = 12 - 17. Let g(x) = x**2 + 11*x + 20. Let w(c) = -c**2 - c - 3. Let v(a) = -g(a) - 6*w(a). What is the units digit of v(r)?
8
Let y(u) be the second derivative of 3*u**3/2 + 13*u**2 + 71*u + 1. Let x(z) = z**3 + 7*z**2 - 9*z + 7. Let s be x(-8). What is the hundreds digit of y(s)?
1
What is the tens digit of (-9)/24 - 1551025/(-280)?
3
Suppose 7*k + 4*k - 309842 = 381860. What is the units digit of k?
2
Let n(v) = 15*v**2 + 54*v - 3553. What is the units digit of n(56)?
1
What is the tens digit of (-21)/((-882)/12) + (-28514)/(-14)?
3
Suppose 5*a = -r - 185, 2*a - 2*r = 3*r - 101. Let y be -179 - 5*(-39)/65. Let q = a - y. What is the hundreds digit of q?
1
Let f(n) = n**3 - 8*n**2 - 20*n + 4. Let s be f(10). What is the hundreds digit of (-2 + s)/((20/402)/5)?
2
Let z be 146/(-6) + (40/(-15) - -2). Let y = z + 88. Suppose -2*c = 4*w - 136, 2*w - 3*w = c - y. What is the tens digit of c?
5
What is the units digit of ((-32)/(-6))/8 - (-6 - 952688/33)?
6
Suppose -14*g + 42 = -8*g. Suppose g*o - 12*o = -30. What is the units digit of 1556/o + (-15)/45?
9
Let f(v) = 110*v - 1468. What is the hundreds digit of f(60)?
1
Let m(g) = 127*g**2 - 28 + 45 - 4*g + 3*g - 8*g - 126*g**2. Let y be (-4)/(-6)*-1*-18. What is the units digit of m(y)?
3
Suppose 5*x = n - 38 - 51, 3*x - 5*n + 49 = 0. What is the hundreds digit of (-593*(-6)/x)/(1/(-3))?
5
Let x(g) = 152*g - 1387. What is the tens digit of x(115)?
9
Let w = -68 - -32. Let r = 39 + w. Suppose -j = k + k - 14, -5*k - r*j = -33. What is the units digit of k?
9
Let b be 2/(30184/3772 + -8). Let v = 1330 - b. What is the hundreds digit of v?
3
Let j = -35 + 44. Suppose 7*n - 3840 = -j*n. What is the hundreds digit of n?
2
Let l(q) = q**3 - 14*q**2 - 34*q + 36. Let h be l(16). What is the units digit of h/(5*2/265)?
6
Suppose 5*c - a - 58827 = 0, -4*a + 15486 = 2*c - 8058. What is the thousands digit of c?
1
Suppose -5184 = 16*h - 69197 + 9709. What is the tens digit of h?
9
Let r(f) = -f**3 + 38*f**2 - 11*f - 55. What is the units digit of r(13)?
7
Suppose 21*b + 17 = 101. Suppose y - 1094 = -2*g, g - 1104 = -g + b*y. What is the hundreds digit of g?
5
Let m = -25 - -20. Let p be (m/(-4))/((-3)/(-300)). Suppose p = 20*d - 15*d. What is the tens digit of d?
2
Suppose -h + c + c = -75, -3*h - c + 218 = 0. Suppose 3*y + 4 = 28. Let p = h + y. What is the tens digit of p?
8
Let i(x) = 9*x**2 + 1. Let g(y) = 6*y**2 + 1. Let d(a) = 7*g(a) - 5*i(a). Let w be d(1). What is the units digit of (1/(-2))/(w/126)?
3
Let o(r) be the second derivative of 5*r**4/12 + 3*r**3/2 - 3*r**2 + 75*r. What is the hundreds digit of o(-6)?
1
Suppose 43*d - 2877392 = -239*d - 40*d. What is the tens digit of d?
3
Let s = -593 + 593. Suppose s = -4*m + 2710 + 1286. What is the tens digit of m?
9
Suppose 66*s - 65*s - 35*s = -197846. What is the hundreds digit of s?
8
Let z = -104 - -108. Suppose -2*d - 9*q + 14 = -12*q, -z*q = 4*d - 68. What is the units digit of d?
3
Suppose 0 = -4*m - 5*n - 122, 68 = -2*m - 4*n + 5*n. Let a = 36 + m. Suppose 4*z + 0*k + a*k - 320 = 0, -4*z = 2*k - 316. What is the units digit of z?
7
Suppose 2*q + 848 = 7*k - 4*k, 2 = q. Let r = 402 + k. What is the units digit of r?
6
Let p(f) = 4*f**3 - 8*f**2 + 4*f - 7. Let w(m) = -2*m**2 - 13*m - 3. Let l be w(-6). Let x be p(l). Suppose 212 = 3*g + x. What is the units digit of g?
7
Suppose -160*c - 75*c + 64*c + 3151701 = 0. What is the ten thousands digit of c?
1
Suppose d + 10*d - 2*n = 21049, 0 = -3*d + 3*n + 5748. What is the units digit of d?
3
Let j(r) = -10*r**2 - 13*r**2 + 2*r**3 + 9*r**2. Let y be j(7). What is the units digit of (-186)/(-26) + (2/(-13) - y)?
7
Let z be (28/(-3))/(-4)*3. Suppose 8*m + 747 = 4*o + z*m, -5*o - 4*m + 918 = 0. What is the tens digit of o?
8
What is the tens digit of 692/2*8/((-208)/(-1287))?
2
Suppose -20 + 20 = -3*a. Suppose -4*r = 3*w + 316, a = -2*r - 4*w - 238 + 80. Let n = 171 + r. What is the units digit of n?
2
Suppose 69 - 445 = -8*n. Let w(d) = -d**3 + 9*d**2 - 5*d - 5. Let a be w(5). Let f = a - n. What is the units digit of f?
3
Let i be 4/10 + 168/5. Suppose -35*v = -i*v - 129. Suppose -5*q - 3*r = -333, 0*r = -2*q + 3*r + v. What is the units digit of q?
6
Let n = -23 - -31. Suppose -4*d + 7*d = 0. Suppose w = 4*z - d*z - 814, n = -4*w. What is the tens digit of z?
0
Let f = -48 - -51. Suppose f*l - 689 - 448 = 0. Suppose 671 = 6*s - l. What is the units digit of s?
5
Let t(o) = -2792*o - 411. What is the tens digit of t(-6)?
4
Suppose -29*h - 28 = -33*h. Suppose -3*y = -h*y + 4*m + 44, -3*m - 40 = -4*y. What is the units digit of (-2142)/(-49) - (-2)/y?
4
What is the ten thousands digit of (-954824)/(-52) + ((-12)/42 - (-18)/14)?
1
Let r = 3465 + 1087. What is the tens digit of r?
5
Let h(d) = 5*d**3 + d - 2*d + 3*d**2 - 4*d**3. Suppose -29*z + 225 = 16*z. What is the tens digit of h(z)?
9
Suppose -5*m - 5*j - 25 = -90, -3*m = -4*j - 60. What is the hundreds digit of 1233 - (-5)/(-20)*m?
2
Suppose -10*h - 54 = -13*h. Suppose 0 = s + 11 + h. What is the units digit of 87/s*1*-2?
6
Let d(w) = 3*w**2 - 5*w + 31. Let o be d(6). Suppose 0 = -i + 3*i + 8, -v = 4*i - o. What is the units digit of v?
5
Let b = 2792 - -16330. What is the tens digit of b?
2
Suppose 0 = 2*n - 2*q - 6008, -6*q = -11*q - 25. Suppose -4*y = -4*l - 5*y + n, 3*l = y + 2258. What is the units digit of l?
1
Suppose 35*d + 2160 = 65*d. Suppose -d*o + 84664 - 18496 = 0. What is the tens digit of o?
1
What is the tens digit of (-6)/((-14008240)/1000580 + 14)?
2
Suppose -g - 2*c + 3015 = 0, -1207 = -4*g - 5*c + 10868. What is the units digit of g?
5
Let m(y) = -4*y - 30. Let b be m(-15). Let a be (-40)/b*(2 + -3)*3. Suppose 2*f + 196 = a*f + 4*c, -5*f = -5*c - 550. What is the tens digit of f?
0
Suppose -23*l + 22*l = -2*c - 13122, -13120 = -l + 3*c. What is the tens digit of l?
2
Suppose -166605 - 236287 = -7*k. What is the hundreds digit of k?
5
Suppose 1441 = 2*f + 5*r, -4*f + 8*r + 2896 = 4*r. Let n = f - 370. What is the hundreds digit of n?
3
Let v(p) = -p**3 + 6*p**2 + 7*p - 2. Let s be v(-3). What is the tens digit of s/(-87)*33*1*-2?
4
Let w be -121 + (-4)/(-6 - -2). Suppose 22*g = -882 - 416. Let x = g - w. What is the units digit of x?
1
Let r be 60/(-35)*(-105)/6. Suppose -11*i + r = -i. Suppose i*a - 3*t - 169 = -4*t, -a + 55 = -t. What is the units digit of